-2). Suppose i = 5*p - 6 - 4. Calculate the greatest common divisor of p and x.
2
Let i = 6 + -24. Let j = i + 30. Let r be 12*5 + 0/(-4). Calculate the highest common divisor of r and j.
12
Let b(a) = a**3 - 4*a**2 - 3*a + 2. Let h = 12 - 7. Let s be b(h). Let r(q) = 8*q - 8. Let t be r(7). What is the highest common divisor of s and t?
12
Suppose 3 - 5 = -5*r - 4*f, r = -5*f - 8. Suppose 14 = 3*m - r*m. Let s be m/6 - (-1)/(-3). What is the highest common divisor of s and 8?
2
Suppose -5*f = 67 - 317. Calculate the highest common factor of f and 25.
25
Suppose -2*b + 5*b = 36. Let x(s) = -s - 2 + 3*s + 0 - 3*s. Let o be x(-5). Calculate the greatest common divisor of b and o.
3
Let i(h) = 4 - 6 + 3 - 9*h + 10*h. Let n = 3 - -7. Let b be i(n). What is the greatest common factor of 1 and b?
1
Suppose 2*u - 2 = u. Suppose 0 = r + a - 7, -3*r + u*a + 58 = r. Let f = 11 + -5. What is the highest common divisor of f and r?
6
Let w be 7 - ((-6)/3 + 1). Let a be 18/(-4)*(-2)/3. Suppose -a*g - g + 352 = 0. Calculate the highest common divisor of g and w.
8
Suppose -x + 4*i = -5*x + 44, 2*x - 3*i = 12. Let n = -1 + x. What is the greatest common divisor of 64 and n?
8
Let p = 11 + 119. Calculate the highest common divisor of p and 26.
26
Let b = 8 - 11. Let t be b/(9/(-6)) - -2. Let u be 7 - (4 + (-2)/2). What is the greatest common divisor of u and t?
4
Let q = 40 - 29. Calculate the greatest common factor of q and 121.
11
Let h(o) = 4 + 3 + 3*o - 5. Let b be h(6). Calculate the greatest common factor of 60 and b.
20
Suppose -7 - 51 = -3*s + 5*j, -4*s - 5*j = -89. Calculate the highest common factor of s and 3.
3
Let o = -8 + 4. Let n = o - -6. Suppose -48 = -4*x - 3*a, -x + n*x + 3*a = 3. Calculate the greatest common divisor of x and 105.
15
Suppose 4*y + 0*y = 12. Suppose 0 = y*t - 2*t - 40. Calculate the highest common factor of t and 20.
20
Suppose 4*l = -0*l + 64. Calculate the greatest common factor of l and 2.
2
Suppose -53 - 31 = -6*c. What is the highest common factor of 14 and c?
14
Let i(m) be the second derivative of -m**3/2 - 3*m**2 - 2*m. Let w be i(-12). Suppose -2*q = -32 - 58. Calculate the highest common divisor of q and w.
15
Let n(t) = -1 - t + 2*t + t. Let h be n(3). Suppose -23 = -r - h. What is the highest common divisor of r and 198?
18
Let x be 3 - 5/((-15)/(-6)). Let q = x - -8. Suppose 136 - 28 = 3*t. Calculate the greatest common factor of q and t.
9
Suppose 5*p + 0*z - 5*z - 130 = 0, 0 = -3*p - 4*z + 64. Let r be 0 - -3*(3 - 2). Calculate the highest common divisor of p and r.
3
Let t be 1102/11 + 4/(-22). Let n be 29/3 + (-1)/(-3). Let r be (8*-2)/((-4)/n). Calculate the highest common divisor of r and t.
20
Let w = -17 + 20. What is the greatest common divisor of w and 21?
3
Let u(h) = h**2 - 2*h. Let r be u(3). Let w be -1 - 3/r - -8. Calculate the greatest common factor of 48 and w.
6
Let h = -4 - -31. Suppose -h = 2*m + 3*b - 168, -4*b - 295 = -5*m. Calculate the highest common divisor of m and 7.
7
Suppose m = -2*m + 3. Let w be (-3)/(m - (-51)/(-42)). Let a = -9 + 163. What is the highest common divisor of w and a?
14
Suppose 0 = 5*h - 4*r - 121, -109 = -h - 4*h + r. Let j be (-48)/(-18) - 2/3. Let i be j - (0 + -2 + 1). What is the greatest common factor of i and h?
3
Let u(s) = 20*s. Let r = 5 - 3. Let m be u(r). Calculate the highest common factor of 16 and m.
8
Let u = 21 - -19. Let o = u + -20. What is the greatest common divisor of 8 and o?
4
Suppose 4*p + 4 = 52. Suppose 3*d + 2*d = 540. Calculate the greatest common divisor of d and p.
12
Suppose -2*t - 85 = -b - t, -4*b = -2*t - 350. Calculate the highest common divisor of 9 and b.
9
Let g be (-6)/21 - 316/(-28). What is the highest common divisor of 22 and g?
11
Suppose 41*c - 34*c = 315. Calculate the greatest common divisor of 225 and c.
45
Suppose 4*z - g = -96 - 51, -5*z = -3*g + 189. Let h = 68 + z. Let o = h + -19. What is the greatest common factor of 65 and o?
13
Let l(i) be the first derivative of 47*i**2/2 + 2*i - 2. Let d be l(2). Let z = -22 - -34. Calculate the highest common factor of z and d.
12
Suppose 0 = 4*c - 3*x + 20 - 55, 4*c = 4*x + 36. Calculate the highest common divisor of 4 and c.
4
Let p(y) be the third derivative of -y**4/12 - 2*y**2. Let r be p(-4). Let h be 2 - (1*-10)/1. What is the greatest common factor of r and h?
4
Suppose 0 = -4*u + 3*u + 18. Let d be 453/9 + 4/6. Let p = d + -24. What is the highest common divisor of p and u?
9
Suppose 5*l + 8 = -7, 3*t - 4*l - 33 = 0. Let q(i) = t*i**2 + i**2 - 4*i**2 + 2 + i**3. Let b be q(-4). What is the greatest common factor of b and 6?
2
Let v = 1 + 8. Let w(n) = -n**2 + 8*n - 3. Let t = -8 + 14. Let b be w(t). Calculate the greatest common factor of v and b.
9
Suppose 37 = 5*j - 3. Suppose 4*g - j*g + 77 = -m, -2*g + 51 = -3*m. Calculate the highest common divisor of g and 198.
18
Let x = 40 - 94. Let n = -35 - x. Calculate the highest common divisor of n and 209.
19
Suppose -5*y + 560 = 3*o, -5*o + 880 = -0*o - 5*y. Calculate the greatest common factor of 20 and o.
20
Let r be (-2 + (-24)/(-9))*3. Calculate the greatest common divisor of r and 8.
2
Suppose 2*a = 6*a - 72. Let q be (-7 + 5)/(2/(-4)). Suppose -q*s = -3*b + 34, -2*b + 3*b - 3*s - 18 = 0. Calculate the highest common factor of a and b.
6
Suppose -40 = -6*q + 122. Calculate the greatest common divisor of q and 81.
27
Suppose 3*o - 609 = -177. What is the greatest common divisor of 16 and o?
16
Let k(x) = x**3 - 6*x**2 - 6*x - 5. Let m be k(7). Suppose 18 = 3*z + m*y, 0 = 3*z + 2*z + 5*y - 30. What is the greatest common factor of 2 and z?
2
Let u be ((-363)/(-9))/(2/6). Let i(b) = -3*b. Let m be i(11). Let y be (12/(-18))/(2/m). Calculate the greatest common factor of u and y.
11
Suppose -21 - 10 = -h. What is the highest common divisor of 93 and h?
31
Suppose 0*j - 2*j = -48. Suppose 0 = -b + 4*b - j. What is the highest common factor of 1 and b?
1
Let g be 3 - 1/((-3)/3). Calculate the greatest common divisor of 4 and g.
4
Suppose -3*n + 138 = 4*v, -5*n = v + v - 76. What is the greatest common factor of v and 231?
33
Suppose -2*u - u = 24. Let s be 1/((45/10)/9). Let a be u/(-6)*27/s. Calculate the highest common divisor of 2 and a.
2
Suppose -5*o - 47 = -2*k, -32 = -2*k + 3*o + 25. Suppose 2*q + 3*q - 2*z = 55, 0 = -3*q - 5*z + 2. What is the highest common factor of k and q?
9
Let b be (-479)/(-4) - 2/(-8). Calculate the greatest common divisor of 30 and b.
30
Let k = -42 + 196. Suppose -m = m - 3*n - k, m - 77 = -n. What is the greatest common factor of 11 and m?
11
Let p(d) = d + 3. Let y be p(-1). Suppose 25 - 5 = 4*g. Calculate the greatest common divisor of g and y.
1
Let q(l) = 5*l**2 - l**2 + 7*l**2 - 5*l + 4*l. Let g = 4 - 3. Let n be q(g). Calculate the highest common factor of 10 and n.
10
Let x(y) = y**2 + 8*y + 1. Let n be x(-17). Calculate the greatest common factor of n and 14.
14
Suppose 4*l - 14 = f - 1, 4*f = -4*l + 28. Calculate the highest common divisor of l and 44.
4
Let a be 9/12 - (-77)/4. Calculate the highest common divisor of 30 and a.
10
Let p = 18 - 32. Let z = 26 + p. What is the highest common factor of 132 and z?
12
Let n be (90/(-54))/((-1)/6). Calculate the highest common factor of n and 20.
10
Let x(f) = f**2 - 2*f + 1. Let v be x(4). What is the highest common factor of 18 and v?
9
Let i be (32/(-40))/((-906)/(-910) + -1). Calculate the greatest common divisor of 26 and i.
26
Let i be (6/18)/1 - 160/(-6). What is the highest common divisor of 9 and i?
9
Let k be 52/8 - (-2)/(-4). Let l be -6*-4*1/k. Suppose 4*f = -l*d + 12, -12 = -4*d - f + 2*f. What is the greatest common divisor of 12 and d?
3
Let s be 84/15 - ((-34)/10 + 3). Calculate the greatest common factor of 18 and s.
6
Let d(m) = -m**3 - 5*m**2 - 3*m + 5. Let y be d(-5). Suppose 0 = 6*v + 11 - 59. What is the highest common factor of v and y?
4
Let i = 8 + 5. What is the greatest common divisor of 26 and i?
13
Suppose -10*b - 5 = -5*b. Let v be ((-16)/1 - b)*-7. Calculate the highest common divisor of v and 21.
21
Let p = -19 + 53. What is the highest common factor of p and 17?
17
Suppose 0 = 3*w + 9, 5*c + 4*w = -0*c + 58. Calculate the highest common factor of c and 154.
14
Let k be ((-9)/4)/((-15)/40). Supp